{"id":17,"date":"2023-05-21T04:29:41","date_gmt":"2023-05-21T04:29:41","guid":{"rendered":"http:\/\/10.200.4.111\/wordpress\/?page_id=17"},"modified":"2025-09-24T13:20:39","modified_gmt":"2025-09-24T19:20:39","slug":"inicio","status":"publish","type":"page","link":"https:\/\/evalua-pbr.nl.gob.mx\/","title":{"rendered":""},"content":{"rendered":"\t\t<div data-elementor-type=\"wp-page\" data-elementor-id=\"17\" class=\"elementor elementor-17\">\n\t\t\t\t\t\t<section class=\"elementor-section elementor-top-section elementor-element elementor-element-871a6d8 elementor-section-full_width elementor-section-height-default elementor-section-height-default\" data-id=\"871a6d8\" data-element_type=\"section\">\n\t\t\t\t\t\t<div class=\"elementor-container elementor-column-gap-default\">\n\t\t\t\t\t<div class=\"elementor-column elementor-col-100 elementor-top-column elementor-element elementor-element-4b885aa\" data-id=\"4b885aa\" data-element_type=\"column\">\n\t\t\t<div class=\"elementor-widget-wrap elementor-element-populated\">\n\t\t\t\t\t\t<div class=\"elementor-element elementor-element-1b50c26 elementor-widget elementor-widget-text-editor\" data-id=\"1b50c26\" data-element_type=\"widget\" data-widget_type=\"text-editor.default\">\n\t\t\t\t<div class=\"elementor-widget-container\">\n\t\t\t\t\t\t\t\t\t<div style=\"background-color: #4ebabd; padding: 20px;\"><div style=\"display: flex; justify-content: space-between; align-items: center; flex-wrap: wrap;\"><p><!-- Imagen principal --><\/p><div style=\"flex: 1; min-width: 300px; text-align: center; margin-bottom: 20px;\"><img fetchpriority=\"high\" decoding=\"async\" style=\"max-width: 100%; height: auto;\" src=\"https:\/\/evalua-pbr.nl.gob.mx\/wp-content\/uploads\/2023\/03\/img-portada.png\" alt=\"Imagen Portada\" width=\"717\" height=\"550\" \/><\/div><p><!-- Imagen secundaria y texto --><\/p><div style=\"flex: 1; min-width: 250px; text-align: center; margin-bottom: 20px;\"><a href=\"https:\/\/evalua-pbr.nl.gob.mx\/wp-content\/uploads\/2023\/06\/Escudo_Gob_Mty-01.svg\"><br \/><img decoding=\"async\" style=\"max-width: 100%; height: auto;\" src=\"https:\/\/evalua-pbr.nl.gob.mx\/wp-content\/uploads\/2023\/06\/Escudo_Gob_Mty-01.svg\" alt=\"Escudo Gobierno\" width=\"131\" height=\"131\" \/><br \/><\/a><div style=\"height: 45px;\">\u00a0<\/div><h1 style=\"color: #ffffff;\">Eval\u00faa PbR NL<\/h1><h6 style=\"text-align: justify; color: #000;\">El Gobierno del Estado de Nuevo Le\u00f3n pone a tu disposici\u00f3n este portal<br \/>oficial en el que podr\u00e1s consultar el<br \/><span style=\"color: #ffffff;\"><strong>Presupuesto basado en resultados<\/strong><\/span><br \/>y el <span style=\"color: #ffffff;\"><strong>Sistema de Evaluaci\u00f3n de Desempe\u00f1o<\/strong><\/span> (PbR &#8211; SED), as\u00ed como los<br \/>resultados del <span style=\"color: #ffffff;\"><strong>Sistema de Evaluaci\u00f3n de Desempe\u00f1o<\/strong><\/span>, que componen el<br \/>modelo de <span style=\"color: #ffffff;\"><strong>Gesti\u00f3n por Resultados de Nuevo Le\u00f3n<\/strong><\/span>.<\/h6><\/div><\/div><\/div>\t\t\t\t\t\t\t\t<\/div>\n\t\t\t\t<\/div>\n\t\t\t\t\t<\/div>\n\t\t<\/div>\n\t\t\t\t\t<\/div>\n\t\t<\/section>\n\t\t\t\t<\/div>\n\t\t","protected":false},"excerpt":{"rendered":"<p>\u00a0 Eval\u00faa PbR NL El Gobierno del Estado de Nuevo Le\u00f3n pone a tu disposici\u00f3n este portaloficial en el que podr\u00e1s consultar elPresupuesto basado en resultadosy el Sistema de Evaluaci\u00f3n de Desempe\u00f1o (PbR &#8211; SED), as\u00ed como losresultados del Sistema de Evaluaci\u00f3n de Desempe\u00f1o, que componen elmodelo de Gesti\u00f3n por Resultados de Nuevo Le\u00f3n. [&#8230;]<\/p>\n<p><a class=\"btn btn-secondary understrap-read-more-link\" href=\"https:\/\/evalua-pbr.nl.gob.mx\/\">Leer m\u00e1s&#8230;<span class=\"screen-reader-text\"> from <\/span><\/a><\/p>\n","protected":false},"author":1,"featured_media":0,"parent":0,"menu_order":0,"comment_status":"closed","ping_status":"closed","template":"elementor_header_footer","meta":{"footnotes":""},"class_list":["post-17","page","type-page","status-publish","hentry"],"_links":{"self":[{"href":"https:\/\/evalua-pbr.nl.gob.mx\/index.php\/wp-json\/wp\/v2\/pages\/17","targetHints":{"allow":["GET"]}}],"collection":[{"href":"https:\/\/evalua-pbr.nl.gob.mx\/index.php\/wp-json\/wp\/v2\/pages"}],"about":[{"href":"https:\/\/evalua-pbr.nl.gob.mx\/index.php\/wp-json\/wp\/v2\/types\/page"}],"author":[{"embeddable":true,"href":"https:\/\/evalua-pbr.nl.gob.mx\/index.php\/wp-json\/wp\/v2\/users\/1"}],"replies":[{"embeddable":true,"href":"https:\/\/evalua-pbr.nl.gob.mx\/index.php\/wp-json\/wp\/v2\/comments?post=17"}],"version-history":[{"count":45,"href":"https:\/\/evalua-pbr.nl.gob.mx\/index.php\/wp-json\/wp\/v2\/pages\/17\/revisions"}],"predecessor-version":[{"id":12070,"href":"https:\/\/evalua-pbr.nl.gob.mx\/index.php\/wp-json\/wp\/v2\/pages\/17\/revisions\/12070"}],"wp:attachment":[{"href":"https:\/\/evalua-pbr.nl.gob.mx\/index.php\/wp-json\/wp\/v2\/media?parent=17"}],"curies":[{"name":"wp","href":"https:\/\/api.w.org\/{rel}","templated":true}]}}